[INFO] fetching crate interledger-ildcp 0.4.0...
[INFO] checking interledger-ildcp-0.4.0 against master#cfbc6d4cf1acbac5c025acf8ed68929caa551df3 for pr-75494-beta
[INFO] extracting crate interledger-ildcp 0.4.0 into /workspace/builds/worker-0/source
[INFO] validating manifest of crates.io crate interledger-ildcp 0.4.0 on toolchain cfbc6d4cf1acbac5c025acf8ed68929caa551df3
[INFO] running `Command { std: "/workspace/cargo-home/bin/cargo" "+cfbc6d4cf1acbac5c025acf8ed68929caa551df3" "read-manifest" "--manifest-path" "Cargo.toml", kill_on_drop: false }`
[INFO] started tweaking crates.io crate interledger-ildcp 0.4.0
[INFO] finished tweaking crates.io crate interledger-ildcp 0.4.0
[INFO] tweaked toml for crates.io crate interledger-ildcp 0.4.0 written to /workspace/builds/worker-0/source/Cargo.toml
[INFO] running `Command { std: "/workspace/cargo-home/bin/cargo" "+cfbc6d4cf1acbac5c025acf8ed68929caa551df3" "generate-lockfile" "--manifest-path" "Cargo.toml" "-Zno-index-update", kill_on_drop: false }`
[INFO] running `Command { std: "/workspace/cargo-home/bin/cargo" "+cfbc6d4cf1acbac5c025acf8ed68929caa551df3" "fetch" "--locked" "--manifest-path" "Cargo.toml", kill_on_drop: false }`
[INFO] running `Command { std: "docker" "create" "-v" "/var/lib/crater-agent-workspace/builds/worker-0/target:/opt/rustwide/target:rw,Z" "-v" "/var/lib/crater-agent-workspace/builds/worker-0/source:/opt/rustwide/workdir:ro,Z" "-v" "/var/lib/crater-agent-workspace/cargo-home:/opt/rustwide/cargo-home:ro,Z" "-v" "/var/lib/crater-agent-workspace/rustup-home:/opt/rustwide/rustup-home:ro,Z" "-e" "SOURCE_DIR=/opt/rustwide/workdir" "-e" "CARGO_TARGET_DIR=/opt/rustwide/target" "-e" "CARGO_HOME=/opt/rustwide/cargo-home" "-e" "RUSTUP_HOME=/opt/rustwide/rustup-home" "-w" "/opt/rustwide/workdir" "-m" "1610612736" "--user" "0:0" "--network" "none" "rustops/crates-build-env@sha256:a636fd89d022f18117e1dc8fb37a0a009933cdbbe082814857f0e2024962d47c" "/opt/rustwide/cargo-home/bin/cargo" "+cfbc6d4cf1acbac5c025acf8ed68929caa551df3" "metadata" "--no-deps" "--format-version=1", kill_on_drop: false }`
[INFO] [stderr] WARNING: Your kernel does not support swap limit capabilities or the cgroup is not mounted. Memory limited without swap.
[INFO] [stdout] 083004f85f523e4613195490b221fbeebb18848a92ce7dc451ad464e53aa94f3
[INFO] running `Command { std: "docker" "start" "-a" "083004f85f523e4613195490b221fbeebb18848a92ce7dc451ad464e53aa94f3", kill_on_drop: false }`
[INFO] running `Command { std: "docker" "inspect" "083004f85f523e4613195490b221fbeebb18848a92ce7dc451ad464e53aa94f3", kill_on_drop: false }`
[INFO] running `Command { std: "docker" "rm" "-f" "083004f85f523e4613195490b221fbeebb18848a92ce7dc451ad464e53aa94f3", kill_on_drop: false }`
[INFO] [stdout] 083004f85f523e4613195490b221fbeebb18848a92ce7dc451ad464e53aa94f3
[INFO] running `Command { std: "docker" "create" "-v" "/var/lib/crater-agent-workspace/builds/worker-0/target:/opt/rustwide/target:rw,Z" "-v" "/var/lib/crater-agent-workspace/builds/worker-0/source:/opt/rustwide/workdir:ro,Z" "-v" "/var/lib/crater-agent-workspace/cargo-home:/opt/rustwide/cargo-home:ro,Z" "-v" "/var/lib/crater-agent-workspace/rustup-home:/opt/rustwide/rustup-home:ro,Z" "-e" "SOURCE_DIR=/opt/rustwide/workdir" "-e" "CARGO_TARGET_DIR=/opt/rustwide/target" "-e" "CARGO_INCREMENTAL=0" "-e" "RUST_BACKTRACE=full" "-e" "RUSTFLAGS=--cap-lints=forbid" "-e" "CARGO_HOME=/opt/rustwide/cargo-home" "-e" "RUSTUP_HOME=/opt/rustwide/rustup-home" "-w" "/opt/rustwide/workdir" "-m" "1610612736" "--user" "0:0" "--network" "none" "rustops/crates-build-env@sha256:a636fd89d022f18117e1dc8fb37a0a009933cdbbe082814857f0e2024962d47c" "/opt/rustwide/cargo-home/bin/cargo" "+cfbc6d4cf1acbac5c025acf8ed68929caa551df3" "check" "--frozen" "--all" "--all-targets" "--message-format=json", kill_on_drop: false }`
[INFO] [stderr] WARNING: Your kernel does not support swap limit capabilities or the cgroup is not mounted. Memory limited without swap.
[INFO] [stdout] 763f36ef0c1aabd3713c1c96216739ea5cf712bcc1e94eb2d4da829a807e2cdb
[INFO] running `Command { std: "docker" "start" "-a" "763f36ef0c1aabd3713c1c96216739ea5cf712bcc1e94eb2d4da829a807e2cdb", kill_on_drop: false }`
[INFO] [stderr]    Compiling proc-macro2 v1.0.19
[INFO] [stderr]    Compiling autocfg v1.0.1
[INFO] [stderr]    Compiling unicode-xid v0.2.1
[INFO] [stderr]    Compiling syn v1.0.39
[INFO] [stderr]    Compiling libc v0.2.76
[INFO] [stderr]    Compiling byteorder v1.3.4
[INFO] [stderr]    Compiling serde_derive v1.0.115
[INFO] [stderr]    Compiling serde v1.0.115
[INFO] [stderr]    Compiling version_check v0.9.2
[INFO] [stderr]     Checking regex-syntax v0.6.18
[INFO] [stderr]     Checking lazy_static v1.4.0
[INFO] [stderr]     Checking quick-error v1.2.3
[INFO] [stderr]     Checking hex v0.4.2
[INFO] [stderr]    Compiling log v0.4.11
[INFO] [stderr]     Checking tinyvec v0.3.4
[INFO] [stderr]     Checking futures v0.1.29
[INFO] [stderr]     Checking cfg-if v0.1.10
[INFO] [stderr]     Checking unicode-normalization v0.1.13
[INFO] [stderr]    Compiling unicase v2.6.0
[INFO] [stderr]    Compiling num-traits v0.2.12
[INFO] [stderr]    Compiling num-integer v0.1.43
[INFO] [stderr]     Checking base64 v0.10.1
[INFO] [stderr]     Checking iovec v0.1.4
[INFO] [stderr]    Compiling quote v1.0.7
[INFO] [stderr]     Checking regex v1.3.9
[INFO] [stderr]     Checking chrono v0.4.15
[INFO] [stderr]     Checking bytes v0.4.12
[INFO] [stderr]     Checking interledger-packet v0.4.0
[INFO] [stdout] error[E0308]: mismatched types
[INFO] [stdout]    --> /opt/rustwide/cargo-home/registry/src/github.com-1ecc6299db9ec823/interledger-packet-0.4.0/src/packet.rs:148:43
[INFO] [stdout]     |
[INFO] [stdout] 148 |         let expires_at = SystemTime::from(expires_at);
[INFO] [stdout]     |                                           ^^^^^^^^^^ expected struct `std::time::SystemTime`, found struct `chrono::DateTime`
[INFO] [stdout]     |
[INFO] [stdout]     = note: expected struct `std::time::SystemTime`
[INFO] [stdout]                found struct `chrono::DateTime<chrono::Utc>`
[INFO] [stdout] 
[INFO] [stdout] 
[INFO] [stdout] error[E0277]: the trait bound `chrono::DateTime<chrono::Utc>: std::convert::From<std::time::SystemTime>` is not satisfied
[INFO] [stdout]    --> /opt/rustwide/cargo-home/registry/src/github.com-1ecc6299db9ec823/interledger-packet-0.4.0/src/packet.rs:196:13
[INFO] [stdout]     |
[INFO] [stdout] 196 |             DateTime::<Utc>::from(expires_at).format(INTERLEDGER_TIMESTAMP_FORMAT),
[INFO] [stdout]     |             ^^^^^^^^^^^^^^^^^^^^^ the trait `std::convert::From<std::time::SystemTime>` is not implemented for `chrono::DateTime<chrono::Utc>`
[INFO] [stdout]     |
[INFO] [stdout]     = help: the following implementations were found:
[INFO] [stdout]               <chrono::DateTime<chrono::FixedOffset> as std::convert::From<chrono::DateTime<chrono::Utc>>>
[INFO] [stdout]               <chrono::DateTime<chrono::Utc> as std::convert::From<chrono::DateTime<chrono::FixedOffset>>>
[INFO] [stdout]     = note: required by `std::convert::From::from`
[INFO] [stdout] 
[INFO] [stdout] 
[INFO] [stdout] error[E0599]: no method named `format` found for struct `chrono::DateTime<chrono::Utc>` in the current scope
[INFO] [stdout]    --> /opt/rustwide/cargo-home/registry/src/github.com-1ecc6299db9ec823/interledger-packet-0.4.0/src/packet.rs:196:47
[INFO] [stdout]     |
[INFO] [stdout] 196 |             DateTime::<Utc>::from(expires_at).format(INTERLEDGER_TIMESTAMP_FORMAT),
[INFO] [stdout]     |                                               ^^^^^^ method not found in `chrono::DateTime<chrono::Utc>`
[INFO] [stdout] 
[INFO] [stdout] 
[INFO] [stdout] error[E0277]: the trait bound `chrono::DateTime<chrono::Utc>: std::convert::From<std::time::SystemTime>` is not satisfied
[INFO] [stdout]    --> /opt/rustwide/cargo-home/registry/src/github.com-1ecc6299db9ec823/interledger-packet-0.4.0/src/packet.rs:248:18
[INFO] [stdout]     |
[INFO] [stdout] 248 |                 &DateTime::<Utc>::from(self.expires_at()).to_rfc3339(),
[INFO] [stdout]     |                  ^^^^^^^^^^^^^^^^^^^^^ the trait `std::convert::From<std::time::SystemTime>` is not implemented for `chrono::DateTime<chrono::Utc>`
[INFO] [stdout]     |
[INFO] [stdout]     = help: the following implementations were found:
[INFO] [stdout]               <chrono::DateTime<chrono::FixedOffset> as std::convert::From<chrono::DateTime<chrono::Utc>>>
[INFO] [stdout]               <chrono::DateTime<chrono::Utc> as std::convert::From<chrono::DateTime<chrono::FixedOffset>>>
[INFO] [stdout]     = note: required by `std::convert::From::from`
[INFO] [stdout] 
[INFO] [stdout] 
[INFO] [stdout] error[E0599]: no method named `to_rfc3339` found for struct `chrono::DateTime<chrono::Utc>` in the current scope
[INFO] [stdout]    --> /opt/rustwide/cargo-home/registry/src/github.com-1ecc6299db9ec823/interledger-packet-0.4.0/src/packet.rs:248:59
[INFO] [stdout]     |
[INFO] [stdout] 248 |                 &DateTime::<Utc>::from(self.expires_at()).to_rfc3339(),
[INFO] [stdout]     |                                                           ^^^^^^^^^^ method not found in `chrono::DateTime<chrono::Utc>`
[INFO] [stdout] 
[INFO] [stdout] 
[INFO] [stdout] error[E0277]: the trait bound `chrono::DateTime<chrono::Utc>: std::convert::From<std::time::SystemTime>` is not satisfied
[INFO] [stdout]    --> /opt/rustwide/cargo-home/registry/src/github.com-1ecc6299db9ec823/interledger-packet-0.4.0/src/packet.rs:277:13
[INFO] [stdout]     |
[INFO] [stdout] 277 |             DateTime::<Utc>::from(self.expires_at).format(INTERLEDGER_TIMESTAMP_FORMAT),
[INFO] [stdout]     |             ^^^^^^^^^^^^^^^^^^^^^ the trait `std::convert::From<std::time::SystemTime>` is not implemented for `chrono::DateTime<chrono::Utc>`
[INFO] [stdout]     |
[INFO] [stdout]     = help: the following implementations were found:
[INFO] [stdout]               <chrono::DateTime<chrono::FixedOffset> as std::convert::From<chrono::DateTime<chrono::Utc>>>
[INFO] [stdout]               <chrono::DateTime<chrono::Utc> as std::convert::From<chrono::DateTime<chrono::FixedOffset>>>
[INFO] [stdout]     = note: required by `std::convert::From::from`
[INFO] [stdout] 
[INFO] [stdout] 
[INFO] [stdout] error[E0599]: no method named `format` found for struct `chrono::DateTime<chrono::Utc>` in the current scope
[INFO] [stdout]    --> /opt/rustwide/cargo-home/registry/src/github.com-1ecc6299db9ec823/interledger-packet-0.4.0/src/packet.rs:277:52
[INFO] [stdout]     |
[INFO] [stdout] 277 |             DateTime::<Utc>::from(self.expires_at).format(INTERLEDGER_TIMESTAMP_FORMAT),
[INFO] [stdout]     |                                                    ^^^^^^ method not found in `chrono::DateTime<chrono::Utc>`
[INFO] [stdout] 
[INFO] [stdout] 
[INFO] [stdout] error[E0277]: the trait bound `chrono::ParseError: std::error::Error` is not satisfied
[INFO] [stdout]   --> /opt/rustwide/cargo-home/registry/src/github.com-1ecc6299db9ec823/interledger-packet-0.4.0/src/errors.rs:29:19
[INFO] [stdout]    |
[INFO] [stdout] 29 |             cause(err)
[INFO] [stdout]    |                   ^^^ the trait `std::error::Error` is not implemented for `chrono::ParseError`
[INFO] [stdout]    |
[INFO] [stdout]    = note: required for the cast to the object type `dyn std::error::Error`
[INFO] [stdout] 
[INFO] [stdout] 
[INFO] [stdout] error: aborting due to 8 previous errors
[INFO] [stdout] 
[INFO] [stdout] 
[INFO] [stdout] Some errors have detailed explanations: E0277, E0308, E0599.
[INFO] [stdout] 
[INFO] [stdout] For more information about an error, try `rustc --explain E0277`.
[INFO] [stdout] 
[INFO] [stderr] error: could not compile `interledger-packet`.
[INFO] [stderr] 
[INFO] [stderr] To learn more, run the command again with --verbose.
[INFO] running `Command { std: "docker" "inspect" "763f36ef0c1aabd3713c1c96216739ea5cf712bcc1e94eb2d4da829a807e2cdb", kill_on_drop: false }`
[INFO] running `Command { std: "docker" "rm" "-f" "763f36ef0c1aabd3713c1c96216739ea5cf712bcc1e94eb2d4da829a807e2cdb", kill_on_drop: false }`
[INFO] [stdout] 763f36ef0c1aabd3713c1c96216739ea5cf712bcc1e94eb2d4da829a807e2cdb
